[INFO] cloning repository https://github.com/oeb25/rustgame
[INFO] running `Command { std: "git" "-c" "credential.helper=" "-c" "credential.helper=/workspace/cargo-home/bin/git-credential-null" "clone" "--bare" "https://github.com/oeb25/rustgame" "/workspace/cache/git-repos/https%3A%2F%2Fgithub.com%2Foeb25%2Frustgame", kill_on_drop: false }`
[INFO] [stderr] Cloning into bare repository '/workspace/cache/git-repos/https%3A%2F%2Fgithub.com%2Foeb25%2Frustgame'...
[INFO] running `Command { std: "git" "rev-parse" "HEAD", kill_on_drop: false }`
[INFO] [stdout] 6e182bf0235dc082248a44dc1565f7053f45109e
[INFO] building oeb25/rustgame against master#881c1ac408d93bb7adaa3a51dabab9266e82eee8 for issue-85264
[INFO] running `Command { std: "git" "clone" "/workspace/cache/git-repos/https%3A%2F%2Fgithub.com%2Foeb25%2Frustgame" "/workspace/builds/worker-13/source", kill_on_drop: false }`
[INFO] [stderr] Cloning into '/workspace/builds/worker-13/source'...
[INFO] [stderr] done.
[INFO] validating manifest of git repo https://github.com/oeb25/rustgame on toolchain 881c1ac408d93bb7adaa3a51dabab9266e82eee8
[INFO] running `Command { std: "/workspace/cargo-home/bin/cargo" "+881c1ac408d93bb7adaa3a51dabab9266e82eee8" "metadata" "--manifest-path" "Cargo.toml" "--no-deps", kill_on_drop: false }`
[INFO] started tweaking git repo https://github.com/oeb25/rustgame
[INFO] finished tweaking git repo https://github.com/oeb25/rustgame
[INFO] tweaked toml for git repo https://github.com/oeb25/rustgame written to /workspace/builds/worker-13/source/Cargo.toml
[INFO] crate git repo https://github.com/oeb25/rustgame already has a lockfile, it will not be regenerated
[INFO] running `Command { std: "/workspace/cargo-home/bin/cargo" "+881c1ac408d93bb7adaa3a51dabab9266e82eee8" "fetch" "--manifest-path" "Cargo.toml", kill_on_drop: false }`
[INFO] [stderr]  Downloading crates ...
[INFO] [stderr]   Downloaded wayland-window v0.2.3
[INFO] [stderr]   Downloaded wayland-scanner v0.5.11
[INFO] [stderr]   Downloaded wayland-kbd v0.3.5
[INFO] [stderr]   Downloaded dylib v0.0.1
[INFO] [stderr]   Downloaded wayland-client v0.5.11
[INFO] [stderr]   Downloaded crossbeam v0.2.9
[INFO] [stderr]   Downloaded dlib v0.3.0
[INFO] [stderr]   Downloaded glutin v0.5.1
[INFO] [stderr]   Downloaded lazy_static v0.2.1
[INFO] [stderr]   Downloaded bitflags v0.6.0
[INFO] [stderr]   Downloaded dwmapi-sys v0.1.0
[INFO] [stderr]   Downloaded piston-texture v0.4.0
[INFO] [stderr]   Downloaded vecmath v0.2.0
[INFO] [stderr]   Downloaded deque v0.3.1
[INFO] [stderr]   Downloaded bitflags v0.5.0
[INFO] [stderr]   Downloaded euclid v0.6.6
[INFO] [stderr]   Downloaded num-rational v0.1.32
[INFO] [stderr]   Downloaded piston-shaders_graphics2d v0.1.0
[INFO] [stderr]   Downloaded pistoncore-input v0.12.0
[INFO] [stderr]   Downloaded image v0.9.1
[INFO] [stderr]   Downloaded num-bigint v0.1.32
[INFO] [stderr]   Downloaded xml-rs v0.3.2
[INFO] [stderr]   Downloaded cgl v0.1.4
[INFO] [stderr]   Downloaded gif v0.8.0
[INFO] [stderr]   Downloaded osmesa-sys v0.0.5
[INFO] [stderr]   Downloaded read_color v0.1.0
[INFO] [stderr]   Downloaded core-graphics v0.3.0
[INFO] [stderr]   Downloaded wayland-sys v0.5.11
[INFO] [stderr]   Downloaded shared_library v0.1.4
[INFO] [stderr]   Downloaded piston-float v0.2.0
[INFO] [stderr]   Downloaded fnv v1.0.2
[INFO] [stderr]   Downloaded khronos_api v0.0.8
[INFO] [stderr]   Downloaded gl_generator v0.5.1
[INFO] [stderr]   Downloaded libz-sys v1.0.3
[INFO] [stderr]   Downloaded num_cpus v0.2.11
[INFO] [stderr]   Downloaded gl v0.6.0
[INFO] [stderr]   Downloaded pistoncore-event_loop v0.22.0
[INFO] [stderr]   Downloaded jpeg-decoder v0.1.4
[INFO] [stderr]   Downloaded gleam v0.2.18
[INFO] [stderr]   Downloaded freetype-rs v0.7.0
[INFO] [stderr]   Downloaded rayon v0.3.1
[INFO] [stderr]   Downloaded interpolation v0.1.0
[INFO] [stderr]   Downloaded num-traits v0.1.32
[INFO] [stderr]   Downloaded byteorder v0.5.1
[INFO] [stderr]   Downloaded num v0.1.32
[INFO] [stderr]   Downloaded piston v0.22.0
[INFO] [stderr]   Downloaded freetype-sys v0.3.1
[INFO] [stderr]   Downloaded user32-sys v0.1.2
[INFO] [stderr]   Downloaded piston2d-opengl_graphics v0.28.2
[INFO] [stderr]   Downloaded piston-viewport v0.2.0
[INFO] [stderr]   Downloaded tempfile v2.1.3
[INFO] [stderr]   Downloaded pistoncore-glutin_window v0.26.0
[INFO] [stderr]   Downloaded png v0.5.0
[INFO] [stderr]   Downloaded android_glue v0.1.3
[INFO] [stderr]   Downloaded shader_version v0.2.1
[INFO] [stderr]   Downloaded core-foundation-sys v0.2.1
[INFO] [stderr]   Downloaded pistoncore-window v0.19.0
[INFO] [stderr]   Downloaded winapi v0.2.6
[INFO] [stderr]   Downloaded core-foundation v0.2.1
[INFO] [stderr]   Downloaded khronos_api v1.0.0
[INFO] [stderr]   Downloaded fs2 v0.2.4
[INFO] [stderr]   Downloaded serde v0.7.4
[INFO] [stderr]   Downloaded cocoa v0.3.2
[INFO] [stderr]   Downloaded objc v0.2.1
[INFO] [stderr]   Downloaded piston2d-graphics v0.16.0
[INFO] [stderr]   Downloaded gdi32-sys v0.1.1
[INFO] [stderr]   Downloaded shell32-sys v0.1.1
[INFO] [stderr]   Downloaded memmap v0.2.3
[INFO] [stderr]   Downloaded libloading v0.2.2
[INFO] [stderr]   Downloaded x11-dl v2.4.0
[INFO] running `Command { std: "docker" "create" "-v" "/var/lib/crater-agent-workspace/builds/worker-13/target:/opt/rustwide/target:rw,Z" "-v" "/var/lib/crater-agent-workspace/builds/worker-13/source:/opt/rustwide/workdir:ro,Z" "-v" "/var/lib/crater-agent-workspace/cargo-home:/opt/rustwide/cargo-home:ro,Z" "-v" "/var/lib/crater-agent-workspace/rustup-home:/opt/rustwide/rustup-home:ro,Z" "-e" "SOURCE_DIR=/opt/rustwide/workdir" "-e" "CARGO_TARGET_DIR=/opt/rustwide/target" "-e" "CARGO_HOME=/opt/rustwide/cargo-home" "-e" "RUSTUP_HOME=/opt/rustwide/rustup-home" "-w" "/opt/rustwide/workdir" "-m" "1610612736" "--user" "0:0" "--network" "none" "ghcr.io/rust-lang/crates-build-env/linux@sha256:20528e8c29e4536546f0102ce88568b16ea7538393a33fcca951030f7af10457" "/opt/rustwide/cargo-home/bin/cargo" "+881c1ac408d93bb7adaa3a51dabab9266e82eee8" "metadata" "--no-deps" "--format-version=1", kill_on_drop: false }`
[INFO] [stderr] WARNING: Your kernel does not support swap limit capabilities or the cgroup is not mounted. Memory limited without swap.
[INFO] [stdout] a7ea66ba40cb2b65b51b28c79e1c281b32b4b64097bdb9f971421a4da7fe05a5
[INFO] running `Command { std: "docker" "start" "-a" "a7ea66ba40cb2b65b51b28c79e1c281b32b4b64097bdb9f971421a4da7fe05a5", kill_on_drop: false }`
[INFO] running `Command { std: "docker" "inspect" "a7ea66ba40cb2b65b51b28c79e1c281b32b4b64097bdb9f971421a4da7fe05a5", kill_on_drop: false }`
[INFO] running `Command { std: "docker" "rm" "-f" "a7ea66ba40cb2b65b51b28c79e1c281b32b4b64097bdb9f971421a4da7fe05a5", kill_on_drop: false }`
[INFO] [stdout] a7ea66ba40cb2b65b51b28c79e1c281b32b4b64097bdb9f971421a4da7fe05a5
[INFO] running `Command { std: "docker" "create" "-v" "/var/lib/crater-agent-workspace/builds/worker-13/target:/opt/rustwide/target:rw,Z" "-v" "/var/lib/crater-agent-workspace/builds/worker-13/source:/opt/rustwide/workdir:ro,Z" "-v" "/var/lib/crater-agent-workspace/cargo-home:/opt/rustwide/cargo-home:ro,Z" "-v" "/var/lib/crater-agent-workspace/rustup-home:/opt/rustwide/rustup-home:ro,Z" "-e" "SOURCE_DIR=/opt/rustwide/workdir" "-e" "CARGO_TARGET_DIR=/opt/rustwide/target" "-e" "CARGO_INCREMENTAL=0" "-e" "RUST_BACKTRACE=full" "-e" "RUSTFLAGS=--cap-lints=forbid" "-e" "CARGO_HOME=/opt/rustwide/cargo-home" "-e" "RUSTUP_HOME=/opt/rustwide/rustup-home" "-w" "/opt/rustwide/workdir" "-m" "1610612736" "--user" "0:0" "--network" "none" "ghcr.io/rust-lang/crates-build-env/linux@sha256:20528e8c29e4536546f0102ce88568b16ea7538393a33fcca951030f7af10457" "/opt/rustwide/cargo-home/bin/cargo" "+881c1ac408d93bb7adaa3a51dabab9266e82eee8" "build" "--frozen" "--message-format=json", kill_on_drop: false }`
[INFO] [stdout] 942be4763d4a77e7522519f6afec86f376e3768f41534e8e84ebd9f52bc2cfd2
[INFO] [stderr] WARNING: Your kernel does not support swap limit capabilities or the cgroup is not mounted. Memory limited without swap.
[INFO] running `Command { std: "docker" "start" "-a" "942be4763d4a77e7522519f6afec86f376e3768f41534e8e84ebd9f52bc2cfd2", kill_on_drop: false }`
[INFO] [stderr]    Compiling libc v0.2.11
[INFO] [stderr]    Compiling bitflags v0.6.0
[INFO] [stderr]    Compiling winapi-build v0.1.1
[INFO] [stderr]    Compiling gcc v0.3.28
[INFO] [stderr]    Compiling log v0.3.6
[INFO] [stderr]    Compiling num-traits v0.1.32
[INFO] [stderr]    Compiling rustc-serialize v0.3.19
[INFO] [stderr]    Compiling libloading v0.2.2
[INFO] [stderr]    Compiling khronos_api v1.0.0
[INFO] [stderr]    Compiling piston-float v0.2.0
[INFO] [stderr]    Compiling lazy_static v0.2.1
[INFO] [stderr]    Compiling pkg-config v0.3.8
[INFO] [stderr]    Compiling lazy_static v0.1.16
[INFO] [stderr]    Compiling semver v0.1.20
[INFO] [stderr]    Compiling byteorder v0.5.1
[INFO] [stderr]    Compiling shader_version v0.2.1
[INFO] [stderr]    Compiling crossbeam v0.2.9
[INFO] [stderr]    Compiling inflate v0.1.1
[INFO] [stderr]    Compiling lzw v0.10.0
[INFO] [stderr]    Compiling color_quant v1.0.0
[INFO] [stderr]    Compiling interpolation v0.1.0
[INFO] [stderr]    Compiling read_color v0.1.0
[INFO] [stderr]    Compiling glob v0.2.11
[INFO] [stderr]    Compiling piston-texture v0.4.0
[INFO] [stderr]    Compiling piston-shaders_graphics2d v0.1.0
[INFO] [stderr]    Compiling fnv v1.0.2
[INFO] [stderr]    Compiling xml-rs v0.3.2
[INFO] [stderr]    Compiling piston-viewport v0.2.0
[INFO] [stderr]    Compiling vecmath v0.2.0
[INFO] [stderr]    Compiling kernel32-sys v0.2.2
[INFO] [stdout] error[E0642]: patterns aren't allowed in functions without bodies
[INFO] [stdout]    --> /opt/rustwide/cargo-home/registry/src/github.com-1ecc6299db9ec823/rustc-serialize-0.3.19/src/serialize.rs:147:45
[INFO] [stdout]     |
[INFO] [stdout] 147 | ...                   &f_name: &str,
[INFO] [stdout]     |                       ^^^^^^^ pattern not allowed in function without body
[INFO] [stdout] 
[INFO] [stdout] 
[INFO] [stderr]    Compiling rand v0.3.14
[INFO] [stderr]    Compiling num_cpus v0.2.11
[INFO] [stderr]    Compiling dylib v0.0.1
[INFO] [stderr]    Compiling shared_library v0.1.4
[INFO] [stderr]    Compiling gif v0.8.0
[INFO] [stderr]    Compiling fs2 v0.2.4
[INFO] [stderr]    Compiling time v0.1.35
[INFO] [stderr]    Compiling x11-dl v2.4.0
[INFO] [stderr]    Compiling osmesa-sys v0.0.5
[INFO] [stderr]    Compiling freetype-sys v0.3.1
[INFO] [stderr]    Compiling rustc_version v0.1.7
[INFO] [stderr]    Compiling memmap v0.2.3
[INFO] [stderr]    Compiling dlib v0.3.0
[INFO] [stderr]    Compiling num-integer v0.1.32
[INFO] [stderr]    Compiling wayland-sys v0.5.11
[INFO] [stderr]    Compiling miniz-sys v0.1.7
[INFO] [stderr]    Compiling libz-sys v1.0.3
[INFO] [stderr]    Compiling piston2d-graphics v0.16.0
[INFO] [stderr]    Compiling num-iter v0.1.32
[INFO] [stderr]    Compiling num v0.1.32
[INFO] [stderr]    Compiling deque v0.3.1
[INFO] [stderr]    Compiling tempfile v2.1.3
[INFO] [stderr]    Compiling enum_primitive v0.1.0
[INFO] [stderr]    Compiling gl_generator v0.5.1
[INFO] [stderr]    Compiling wayland-scanner v0.5.11
[INFO] [stderr]    Compiling rayon v0.3.1
[INFO] [stdout] error[E0277]: the size for values of type `Self` cannot be known at compilation time
[INFO] [stdout]   --> /opt/rustwide/cargo-home/registry/src/github.com-1ecc6299db9ec823/rayon-0.3.1/src/par_iter/internal.rs:25:40
[INFO] [stdout]    |
[INFO] [stdout] 25 |     fn split_at(self, index: usize) -> (Self, Self);
[INFO] [stdout]    |                                        ^^^^^^^^^^^^ doesn't have a size known at compile-time
[INFO] [stdout]    |
[INFO] [stdout]    = note: only the last element of a tuple may have a dynamically sized type
[INFO] [stdout] help: consider further restricting `Self`
[INFO] [stdout]    |
[INFO] [stdout] 25 |     fn split_at(self, index: usize) -> (Self, Self) where Self: Sized;
[INFO] [stdout]    |                                                     ^^^^^^^^^^^^^^^^^
[INFO] [stdout] 
[INFO] [stdout] 
[INFO] [stdout] error[E0277]: the size for values of type `Self` cannot be known at compilation time
[INFO] [stdout]   --> /opt/rustwide/cargo-home/registry/src/github.com-1ecc6299db9ec823/rayon-0.3.1/src/par_iter/internal.rs:42:40
[INFO] [stdout]    |
[INFO] [stdout] 42 |     fn split_at(self, index: usize) -> (Self, Self, Self::Reducer);
[INFO] [stdout]    |                                        ^^^^^^^^^^^^^^^^^^^^^^^^^^^ doesn't have a size known at compile-time
[INFO] [stdout]    |
[INFO] [stdout]    = note: only the last element of a tuple may have a dynamically sized type
[INFO] [stdout] help: consider further restricting `Self`
[INFO] [stdout]    |
[INFO] [stdout] 42 |     fn split_at(self, index: usize) -> (Self, Self, Self::Reducer) where Self: Sized;
[INFO] [stdout]    |                                                                    ^^^^^^^^^^^^^^^^^
[INFO] [stdout] 
[INFO] [stdout] 
[INFO] [stdout] error: aborting due to 2 previous errors
[INFO] [stdout] 
[INFO] [stdout] 
[INFO] [stdout] For more information about this error, try `rustc --explain E0277`.
[INFO] [stdout] 
[INFO] [stderr] error: could not compile `rayon`
[INFO] [stderr] 
[INFO] [stderr] To learn more, run the command again with --verbose.
[INFO] [stderr] warning: build failed, waiting for other jobs to finish...
[INFO] [stdout] error: aborting due to previous error
[INFO] [stdout] 
[INFO] [stdout] 
[INFO] [stdout] For more information about this error, try `rustc --explain E0642`.
[INFO] [stdout] 
[INFO] [stderr] error: build failed
[INFO] running `Command { std: "docker" "inspect" "942be4763d4a77e7522519f6afec86f376e3768f41534e8e84ebd9f52bc2cfd2", kill_on_drop: false }`
[INFO] running `Command { std: "docker" "rm" "-f" "942be4763d4a77e7522519f6afec86f376e3768f41534e8e84ebd9f52bc2cfd2", kill_on_drop: false }`
[INFO] [stdout] 942be4763d4a77e7522519f6afec86f376e3768f41534e8e84ebd9f52bc2cfd2
